What is the millions digit of 4846657942?
6
What is the hundred thousands digit of 3788627?
7
What is the ten thousands digit of 40249061?
4
What is the units digit of 1157862228?
8
What is the millions digit of 162158451?
2
What is the hundred thousands digit of 1634025987?
0
What is the hundred millions digit of 455384627?
4
What is the units digit of 1854132185?
5
What is the hundred thousands digit of 683071859?
0
What is the ten thousands digit of 2506692803?
9
What is the hundred millions digit of 1398206962?
3
What is the millions digit of 688047041?
8
What is the ten millions digit of 16427580?
1
What is the millions digit of 58326106?
8
What is the ten thousands digit of 1899815726?
1
What is the units digit of 991411617?
7
What is the thousands digit of 32574576?
4
What is the ten thousands digit of 124747643?
4
What is the millions digit of 119973772?
9
What is the ten thousands digit of 31914073?
1
What is the hundreds digit of 74990204?
2
What is the billions digit of 2243589014?
2
What is the ten millions digit of 29206317?
2
What is the hundred millions digit of 139755171?
1
What is the ten thousands digit of 123146765?
4
What is the hundreds digit of 134345264?
2
What is the ten thousands digit of 49646613?
4
What is the hundreds digit of 6823864?
8
What is the millions digit of 51841916?
1
What is the thousands digit of 1428987551?
7
What is the units digit of 88437846?
6
What is the millions digit of 59372753?
9
What is the thousands digit of 538594080?
4
What is the hundred millions digit of 3217428553?
2
What is the millions digit of 995420889?
5
What is the hundreds digit of 273574644?
6
What is the ten thousands digit of 5278564?
7
What is the hundred thousands digit of 27789527?
7
What is the hundred thousands digit of 1029466148?
4
What is the ten thousands digit of 785956182?
5
What is the thousands digit of 1912621278?
1
What is the ten thousands digit of 34297849?
9
What is the hundred thousands digit of 41238641?
2
What is the millions digit of 520654900?
0
What is the thousands digit of 53019119?
9
What is the hundred thousands digit of 574942441?
9
What is the millions digit of 1464324474?
4
What is the millions digit of 489702808?
9
What is the hundred thousands digit of 8430895?
4
What is the ten thousands digit of 843350000?
5
What is the ten millions digit of 71961225?
7
What is the millions digit of 261706579?
1
What is the hundreds digit of 2756131960?
9
What is the hundred thousands digit of 68783183?
7
What is the ten thousands digit of 86582052?
8
What is the ten millions digit of 132242473?
3
What is the units digit of 543079052?
2
What is the ten thousands digit of 311309234?
0
What is the thousands digit of 4696883790?
3
What is the units digit of 429307081?
1
What is the millions digit of 17702846?
7
What is the hundreds digit of 36900755?
7
What is the hundred thousands digit of 38990623?
9
What is the hundred millions digit of 473428903?
4
What is the millions digit of 39325351?
9
What is the units digit of 86501979?
9
What is the tens digit of 7382538?
3
What is the millions digit of 486149092?
6
What is the thousands digit of 1689249641?
9
What is the thousands digit of 6319455?
9
What is the thousands digit of 21201851?
1
What is the hundred thousands digit of 7583178?
5
What is the hundred millions digit of 2281712093?
2
What is the hundreds digit of 21817788?
7
What is the ten millions digit of 101017365?
0
What is the ten thousands digit of 57674766?
7
What is the hundreds digit of 78437372?
3
What is the thousands digit of 135656288?
6
What is the millions digit of 6573756143?
3
What is the millions digit of 46989991?
6
What is the tens digit of 34951546?
4
What is the thousands digit of 128075745?
5
What is the ten millions digit of 63520492?
6
What is the billions digit of 2411248594?
2
What is the millions digit of 1003102341?
3
What is the millions digit of 925264348?
5
What is the billions digit of 1188541672?
1
What is the thousands digit of 331843765?
3
What is the ten millions digit of 1764973455?
6
What is the units digit of 279523723?
3
What is the units digit of 1113233945?
5
What is the hundreds digit of 46977781?
7
What is the billions digit of 4202421646?
4
What is the units digit of 489086725?
5
What is the ten thousands digit of 118799125?
9
What is the hundred millions digit of 395029953?
3
What is the hundred thousands digit of 42121515?
1
What is the hundred thousands digit of 226513682?
5
What is the ten millions digit of 1138744779?
3
What is the units digit of 8472585014?
4
What is the hundred thousands digit of 26431965?
4
What is the hundreds digit of 1723707431?
4
What is the hundreds digit of 4955426?
4
What is the ten millions digit of 58740895?
5
What is the hundred thousands digit of 202398732?
3
What is the hundreds digit of 110137252?
2
What is the units digit of 2378369393?
3
What is the millions digit of 64904129?
4
What is the ten thousands digit of 4188296676?
9
What is the tens digit of 252085799?
9
What is the thousands digit of 14474417?
4
What is the units digit of 485339465?
5
What is the thousands digit of 4191078460?
8
What is the millions digit of 3103725540?
3
What is the ten thousands digit of 65126844?
2
What is the hundred thousands digit of 146693025?
6
What is the tens digit of 281581060?
6
What is the hundred millions digit of 216466094?
2
What is the tens digit of 363879674?
7
What is the ten millions digit of 29017157?
2
What is the thousands digit of 1983836557?
6
What is the millions digit of 948739510?
8
What is the hundred millions digit of 481602956?
4
What is the units digit of 123408079?
9
What is the ten thousands digit of 828816453?
1
What is the ten millions digit of 1224250572?
2
What is the hundred thousands digit of 81024082?
0
What is the units digit of 2044428522?
2
What is the hundreds digit of 313389396?
3
What is the ten thousands digit of 792447644?
4
What is the ten thousands digit of 11200569?
0
What is the ten thousands digit of 1518846990?
4
What is the thousands digit of 805646461?
6
What is the hundreds digit of 19674332?
3
What is the ten millions digit of 477546551?
7
What is the units digit of 50859797?
7
What is the millions digit of 333531252?
3
What is the thousands digit of 983746193?
6
What is the millions digit of 24452061?
4
What is the hundred thousands digit of 14070459?
0
What is the tens digit of 686251085?
8
What is the millions digit of 66498999?
6
What is the hundreds digit of 127193452?
4
What is the hundred thousands digit of 357129844?
1
What is the ten thousands digit of 80706256?
0
What is the thousands digit of 180086233?
6
What is the ten thousands digit of 621670958?
7
What is the hundreds digit of 4656467037?
0
What is the hundreds digit of 60639815?
8
What is the millions digit of 117049979?
7
What is the millions digit of 3126503200?
6
What is the hundreds digit of 145418167?
1
What is the tens digit of 149372833?
3
What is the hundred millions digit of 2596540956?
5
What is the tens digit of 258276881?
8
What is the ten millions digit of 71717349?
7
What is the ten millions digit of 78355914?
7
What is the hundreds digit of 1054436931?
9
What is the hundred thousands digit of 171003077?
0
What is the hundred millions digit of 3150984726?
1
What is the ten thousands digit of 71818991?
1
What is the ten millions digit of 68769456?
6
What is the tens digit of 2256996448?
4
What is the ten thousands digit of 1163377926?
7
What is the hundred millions digit of 482148548?
4
What is the hundred thousands digit of 166283166?
2
What is the hundred millions digit of 1923126739?
9
What is the hundreds digit of 75208560?
5
What is the tens digit of 4851906413?
1
What is the millions digit of 192129795?
2
What is the hundreds digit of 14942006?
0
What is the ten millions digit of 525082316?
2
What is the units digit of 62826240?
0
What is the hundred millions digit of 1571017384?
5
What is the ten millions digit of 34195473?
3
What is the units digit of 47314931?
1
What is the hundreds digit of 1405533171?
1
What is the hundreds digit of 155519501?
5
What is the billions digit of 2101176764?
2
What is the ten millions digit of 6638260967?
3
What is the hundreds digit of 64143608?
6
What is the hu